14
What is the value of -5 - (-5 + 3) - (43 - 34)?
-12
Evaluate 2 - -21 - (-3 - (-44 + 24)).
6
What is the value of (11 - 1) + -5 - 8 - (2 - -11)?
-16
Calculate 17 + -4 + -8 + 12 + -4.
13
2 + -19 - (152 + -157)
-12
What is the value of 3 + -17 + -18 + 5 + 1?
-26
What is -19 - (-42 - -34) - (7 - 2)?
-16
What is (47 + -16 - 52) + -1 + (1 - -3)?
-18
Calculate -570 - -534 - (-2 - -1).
-35
What is (26 + -1 - 2) + -10?
13
Evaluate (-6 - (-12 + 13)) + 9 - (1 + -14).
15
What is -14 + (8 - -1) + 2?
-3
What is (-1 + 1 - (-3 + 7)) + 37 + -28?
5
Calculate -10 + 68 + 10 + -24 + -6 + 3.
41
Evaluate 7 + 59 + (6 - 24) - 12.
36
Evaluate 132 - 116 - (0 + 35) - -4.
-15
Evaluate -9 + 7 + (-11 - -4).
-9
Calculate -6 + -2 + (-1 - (6 + 1) - -5).
-11
What is the value of (-275 - -262) + (0 - -25)?
12
What is -11 - ((-5 - 0) + 2 + 8)?
-16
-45 - (-33 + -18 - -26)
-20
What is -4 + 0 + -6 + -1 + 1 - 0?
-10
What is -1 - -6 - (-9 + 69 + -59)?
4
What is (-4 - (11 - 4)) + 3?
-8
Calculate 19 + (-34 - -69) + -38.
16
What is the value of -1 - (0 - -14 - 13 - (-7 + 0))?
-9
Evaluate -3 + 12 + -8 + 2 + -5.
-2
What is the value of 6 + (-13 - (13 + -31))?
11
-16 + (-19 - -10) + 9 + (3 - -1)
-12
Calculate (-4 - -2) + (25 - 26) + -7 - -7.
-3
What is (3 - 3) + -1 + -10 - -10?
-1
What is the value of (-1 + 7 - -2) + 1 - (-2 - 0)?
11
Calculate (-6 - (-1 + (-1 - -12))) + (-1 - -7).
-10
-2 + (2 - 2) - -5 - 3 - 10
-10
((-13 - (11 - 22)) + 6 - -7) + 4
15
Calculate -2 + 13 - (-5 - (-13 + 4 + 4)).
11
Evaluate (13 - (-6 - -15)) + 24 - (-3 - -5).
26
What is (-3 - 4) + (-33 - -26 - (0 - 5))?
-9
What is -19 + (-20 - -97) + -16 - (-1 - -9)?
34
What is the value of (2 - (-6 + 8 - -3)) + 0 + -8?
-11
Calculate 69 + -61 + (3 - 30) - (6 - -3).
-28
What is the value of -5 - (-5 - 9) - 5?
4
What is -4 + 24 + 15 + -52?
-17
Evaluate -7 + 6 + 11 + (-15 - -3) + 5.
3
1 - -1 - 0 - (394 + -385)
-7
What is the value of (-26 + 32 - -10) + -30?
-14
7 + 1 - 0 - 6 - (-4 - -4)
2
Evaluate (-13 - 33) + 8 - ((-2 - 1) + 0).
-35
Calculate 2 + (-10 - (-17 + 8)).
1
What is the value of 15 - 6 - (35 + -50)?
24
What is -3 + 11 - (-8 - -12)?
4
What is the value of 10 + (-7 - (10 + (-6 - 2)))?
1
-40 + (-30 - -71) - (1 + -21 - 1)
22
6 + (-6 - (-3 - -1)) + -5 - -8
5
Evaluate -27 - (-5 + 3 + -3).
-22
What is the value of -225 + 233 - ((1 - 2) + -22)?
31
Evaluate -11 + (-7 + -7 - -31).
6
What is -7 - -2 - (-20 + 10 + 17)?
-12
Evaluate -3 + (-19 - -11 - 10).
-21
Evaluate -5 + -9 + 1 + 3.
-10
What is the value of 4 + 8 + (-2 - 7) + -3?
0
Calculate -57 - (1 + -10 + -25).
-23
Calculate 8 + (-1 - 2 - 4) - (5 + -22).
18
Calculate (-11 - -6) + (-2 - -3) - -6.
2
Calculate 1 + (0 - 0) - (5 + -4) - 0.
0
15 - (30 + -15 + 6)
-6
-9 + (0 - -2) + (-1 - (-4 + -19))
15
Evaluate -15 + (10 - 6) - -21.
10
(13 - 8 - -11) + -8
8
Evaluate 1 + 14 + -21 - 0.
-6
What is (25 + 49 - 61) + -9 + -1?
3
Evaluate (1 - (-5 + (7 - -2))) + -9.
-12
What is 13 + (9 - -7) + -8 + (4 - 1)?
24
What is the value of -4 + -10 + 2 + 35 + -10?
13
-1 - -5 - 1 - (-15 + 21 + -8)
5
(-2 - (-3 + -1)) + (5 - 6) - 2
-1
Evaluate -11 - 2 - (13 + (-40 - 2)).
16
What is the value of (-3 - 15) + (-89 - -77)?
-30
Calculate 1 - -5 - (9 - 76 - -72).
1
What is -17 - (-3 - -2 - 3)?
-13
What is -131 + 131 + 8 + 0 + -1?
7
What is the value of -27 - 0 - (-17 + 0)?
-10
What is the value of 1 + 11 + 8 + (34 - 44)?
10
Calculate 29 + -36 - (-8 - 1) - (0 + 2).
0
What is the value of (9 - -10) + -14 - 10 - 7?
-12
What is -110 + 33 - -50 - (0 - 15)?
-12
5 + (7 - 16 - (-4 - 13))
13
What is 1 - -8 - (46 - (69 + -9))?
23
Evaluate (8 - 0 - (3 + 0)) + 134 + -126.
13
Evaluate (1 - -3) + 0 + -5 - 3 - -6.
2
What is (-24 - (-25 - -12) - -1) + 21?
11
What is the value of 1 - ((-34 - -38) + 30 + -2 + -1)?
-30
(5 - (4 + 9)) + (6 - 8 - 1)
-11
Calculate (-1 - 1 - (-60 - -57)) + 4 + 10.
15
What is the value of 22 + -9 + 4 + (-2 - 4)?
11
4 + -5 + -6 + 11 + -1
3
What is the value of -2 - (15 - 10) - -14 - (29 - 2)?
-20
Evaluate -17 + 5 + 3 + -1 + 23.
13
What is (-2 - (2 - (-8 + 13))) + 3?
4
What is (1 + (1 - 17) - -7) + 10?
2
-18 + (8 - (3 + 6))
-19
What is 1 - -7 - (-6 - 8 - -24)?
-2
What is the value of -16 + (0 - (20 + -17 + 5))?
-24
Evaluate 3 + (-28 + (-1 - -2 - -2) - -3).
-19
Calculate (-8 - -16) + (3 - (1 + 5) - 7).
-2
What is 1 + -3 - (6 + -9 + -7)?
8
Calculate -63 + 63 + (3 - 0) - 6.
-3
What is the value of (-2 - (-15 - -3)) + 32 + (46 - 88)?
0
(21 - (17 - 17)) + -14
7
What is 5 + 2 - 1 - -4 - 7?
3
Evaluate -4 + (-4 - -6) + 0 + 6.
4
What is -2 + -15 + 26 - -3?
12
What is 0 + (9 - 2 - 7 - 20 - 0)?
-20
Evaluate (6 - 1) + (-15 - (14 + -22) - 17).
-19
5 - 0 - (-1 + (-37 - -27))
16
(-1 - -12 - (-22 + 49)) + 12
-4
Evaluate (28 - 17) + (2 - 2 - 1).
10
Calculate 2 + 10 - (-157 - -171).
-2
Calculate (-7 - 12) + 2 - (-1 - 9).
-7
Evaluate (-2 - 1) + (-50 + 24 + 1 - -11).
-17
Evaluate 5 + -2 + 4 + 13 - (-14 + 22).
12
Evaluate 11 + (-2 + 16 - 13) + -9.
3
What is -28 - -15 - (6 + -28)?
9
46 + -45 - (-15 - 0) - 15
1
What is -4 + 0 - (-2 + 0 + (-33 - -34))?
-3
Calculate -34 + (7 - (-18 + 6)).
-15
Calculate 13 + -6 + 1 - 7 - -13.
14
What is the value of -38 + 1 + 2 + 21?
-14
Calculate 3 + (-12 - (14 + -31)).
8
Calculate 1 - 3 - (2 - 4) - (-199 - -187).
12
Evaluate -8 + -9 + (-28 + 19 - (-32 + 0)).
6
What is 12 - (21 + -9) - -1?
1
(-20 - -10) + 10 - -6
6
Calculate 5 - (-10 + 13 + (-3 - -7)).
-2
-8 + -1 + (55 - 40)
6
6 - (-1 + -1) - (-22 + 55 - 46)
21
What is 33 - (33 - (17 + 1))?
18
Evaluate -21 - -7 - (8 - -1) - -15.
-8
Evaluate -1 - (-5 - (-12 + 5)).
-3
Calculate -14 + (23 - 33) - -22.
-2
Calculate (31 + 4 - 19) + -2.
14
What is the value of (-1 + 11 - (-134 + 138) - 33) + 7?
-20
-30 + 24 + (34 - 44)
-16
What is -1 + -10 + (134 - 119)?
4
Evaluate -31 + 19 - (-2 + -10).
0
What is (-2 - -5) + -2 - (-112 + 127)?
-14
What is the value of 5 - (-4 - -1 - (14 - 4 - 10))?
8
What is -38 + 31 + 12 + 2 + 4?
11
What is (2 - (8 + -13 + -1)) + 5 - 3?
10
Evaluate -7 - (3 + 0) - ((22 - 3) + -18).
-11
What is the value of 27 + 1 - 16 - -22?
34
Calculate 357 - 365 - (-4 + -1).
-3
What is the value of -143 + (106 - -26) - (-1 - (0 - 19))?
-29
Evaluate 0 + -43 + 20 + 25.
2
(11 - (-4 + 11 + (0 - 3))) + -41
-34
-1 + (-2 - -1) - (-70 + -27 - -92)
3
What is the value of (-11 - -5) + 36 + -37 + -7 + 1?
-13
What is 7 - (-15 - (-24 + 11))?
9
Calculate (13 - -3 - 10 - 9) + -8.
-11
What is the value of 279 - 289 - (0 + -13) - 14?
-11
What is the value of -8 - (15 - (20 - -6))?
3
What is the value of 0 + -4 - (38 - (-2 + 36))?
-8
What is the value of 35 + -84 + 78 - 15?
14
What is the value of (-2 - ((6 - (-3 + 2)) + -4)) + -8?
-13
62 + -72 + 0 + 13
3
What is 13 + -22 - (-9 - 3)?
3
Calculate -4 + (-10 - (-18 + 7 + 2)).
-5
What is 13 + -12 + -4 + 10?
7
Calculate -8 + (-14 - -2 - (-38 - -39)).
-21
Calculate 21 + (38 - 54) + (0 - -2) + -6.
1
10 - (11 + -4 + -15 - 11)
29
What is the value of 25 + -82 + 19 + 20?
-18
What is the value of 5 + (-21 - (22 - 29))?
-9
What is the value of -5 + 1 + (4 - (12 + -8))?
-4
What is the value of -5 + -7 + -7 + 15?
-4
What is (10 + -22 - -9) + (6 - -17)?
20
0 + -5 - (12 - 28 - -9 - -2)
0
What is the value of (10 - 2) + (-27 - -25) + 8?
14
Evaluate -17 + 13 + 22 - 9.
9
36 + 16 + -20 + -14
18
What is 1 + 1 + (-547 - -530) + (1 - -20)?
6
What is the value of 5 + -4 - (55 + -26 + -28)?
0
-349 - -343 - (-19 - (2 + 0))
15
Evaluate (21 - (1 + 15)) + (0 - -4).
9
1 - (7 + 15 + -13)
-8
What is the value of (-2 - 4) + 21 + 4?
19
Calculate (-73 - -76) + (4 - -20).
27
What is the value of -12 - (-2 - (3 + -8))?
-15
What is (599 - 530) + -36 + -1?
32
(-2 - -27) + (-385 - -360)
0
What is the value of 31 - (20 - -13 - -25)?
-27
What is the value of (-32 - -39) + (-2 - -1 - 12)?
-6
What is the value of 7 - (3 + (8 - 8) + 1)?
3
Evaluate 32 + (26 + -29 - 3).
26
What is (73 - 72) + (1 - -20)?
22
What is 26 + (18 - (-12 + 41))?
15
-6 - (-13 + 5 + 3 + -9)
8
What is the value of 10 - (7 + (-6 - -3) + -6 + 1)?
11
What is 11 + 6 - -13 - 18?
12
(0 - 31) + 913 + -860
22
Evaluate 22 - (10 - (4 - 5)).
11
Calculate (1 - 0 - 9) + (11 - -71) + -63.
11
Calculate (3 - 0) + 0 + -22 + 8 + 0.
-11
Calculate 3 + ((-6 - 1) + 16 - 1).
11
-27 + 20 + -20 + 19
-8
Calculate -2 + -3 + (14 - 29) + (-1 - -3).
-18
Evaluate 1 + 18 - ((17 + -4 - -2) + -21).
25
What is -1 - 